{"id":57,"date":"2020-05-18T14:45:40","date_gmt":"2020-05-18T12:45:40","guid":{"rendered":"http:\/\/801indie.org\/index.php\/?page_id=57"},"modified":"2020-05-18T14:46:56","modified_gmt":"2020-05-18T12:46:56","slug":"empfang","status":"publish","type":"page","link":"https:\/\/801indie.org\/index.php\/empfang\/","title":{"rendered":"Empfang"},"content":{"rendered":"<p>801indie ist ein reines Webradio. Das bedeutet, dass Du unser Programm nur \u00fcber das Internet mit Deinem Smartphone, Deinem Computer, Deinem Smart-Speaker (z.B. Alexa) oder deinem internetf\u00e4higen Radio oder Autoradio empfangen kannst. \u00dcberraschend viele Ger\u00e4te sind heute in der Lage, Internetradio zu empfangen!<\/p>\n<p>So kannst Du 801indie empfangen:<\/p>\n<ul>\n<li>\u00fcber die <strong>Webseite von laut.fm<\/strong> mit dem Link <a href=\"https:\/\/laut.fm\/801indie\" target=\"_blank\" rel=\"noopener noreferrer\">laut.fm\/801indie<\/a><\/li>\n<li>\u00fcber <a href=\"https:\/\/www.phonostar.de\/radio\/lautfm\/801indie\" target=\"_blank\" rel=\"noopener noreferrer\">Phonostar<\/a><\/li>\n<li>\u00fcber <strong>Magenta TV<\/strong> der Deutschen Telekom (suche einfach nach &#8222;801indie&#8220;)<\/li>\n<li>\u00fcber <strong>Amazon Echo<\/strong> und <strong>Echo dot<\/strong> &#8211; sage einfach &#8222;Alexa, starte 801 indie von laut fm.&#8220;<\/li>\n<li><strong>iPhone<\/strong>, <strong>iPad<\/strong> und <strong>Apple Watch<\/strong>: Unterschiedliche Apps empfangen 801indie, empfohlen wird die <a href=\"https:\/\/apps.apple.com\/de\/app\/radio-laut-fm\/id285535263\" target=\"_blank\" rel=\"noopener noreferrer\">laut.fm-App<\/a><\/li>\n<li><strong>Android Smartphones<\/strong> und <strong>Tablets<\/strong>: Zahllose Apps empfangen 801indie, empfohlen wird die <a href=\"https:\/\/play.google.com\/store\/apps\/details?id=bode.moritz.laut.fm&amp;hl=de\" target=\"_blank\" rel=\"noopener noreferrer\">laut.fm-App f\u00fcr Android<\/a> im Play Store<\/li>\n<li>mit jedem <strong>Medienplayer<\/strong>, der mit Webstreams umgehen kann. Die Adresse des Streams lautet <a href=\"http:\/\/stream.laut.fm\/801indie\" target=\"_blank\" rel=\"noopener noreferrer\">stream.laut.fm\/801indie<\/a> bzw. <a href=\"http:\/\/stream.laut.fm\/801indie.m3u\" target=\"_blank\" rel=\"noopener noreferrer\">stream.laut.fm\/801indie.m3u<\/a> und <a href=\"http:\/\/stream.laut.fm\/801indie.pls\" target=\"_blank\" rel=\"noopener noreferrer\">stream.laut.fm\/801indie.pls<\/a><\/li>\n<li>Wir empfehlen w\u00e4rmstens die freie Software <a href=\"https:\/\/www.videolan.org\/vlc\/index.de.html\" target=\"_blank\" rel=\"noopener noreferrer\">VLC Player<\/a>, die f\u00fcr nahezu alle Betriebssysteme verf\u00fcgbar ist<\/li>\n<\/ul>\n<p>Der Gro\u00dfteil der <strong>Internetradios<\/strong> und <strong>Digitalradios mit Internetradio-Funktion<\/strong> empfangen 801indie, ohne dass Du daf\u00fcr etwas tun musst. Das gilt auch f\u00fcr \u00e4ltere Ger\u00e4te. Gib einfach in der Sendersuche &#8222;801&#8220; oder &#8222;801indie&#8220; ein und speichere diesen Sender in deinen Favoriten ab. Auch bei <strong>internetf\u00e4higen Autoradios<\/strong> und <strong>Car-Entertainment-Systemen<\/strong> gehst Du so vor.<br \/>\n<img loading=\"lazy\" class=\"alignnone wp-image-60\" src=\"http:\/\/801indie.org\/wp-content\/uploads\/2020\/05\/IMG_20200516_1220529692-300x212.jpg\" alt=\"\" width=\"152\" height=\"107\" srcset=\"https:\/\/801indie.org\/wp-content\/uploads\/2020\/05\/IMG_20200516_1220529692-300x212.jpg 300w, https:\/\/801indie.org\/wp-content\/uploads\/2020\/05\/IMG_20200516_1220529692-1024x724.jpg 1024w, https:\/\/801indie.org\/wp-content\/uploads\/2020\/05\/IMG_20200516_1220529692-768x543.jpg 768w, https:\/\/801indie.org\/wp-content\/uploads\/2020\/05\/IMG_20200516_1220529692-1536x1085.jpg 1536w, https:\/\/801indie.org\/wp-content\/uploads\/2020\/05\/IMG_20200516_1220529692-2048x1447.jpg 2048w\" sizes=\"(max-width: 152px) 100vw, 152px\" \/> <img loading=\"lazy\" class=\"alignnone wp-image-61\" src=\"http:\/\/801indie.org\/wp-content\/uploads\/2020\/05\/IMG_20200516_1508234062-300x182.jpg\" alt=\"\" width=\"177\" height=\"107\" srcset=\"https:\/\/801indie.org\/wp-content\/uploads\/2020\/05\/IMG_20200516_1508234062-300x182.jpg 300w, https:\/\/801indie.org\/wp-content\/uploads\/2020\/05\/IMG_20200516_1508234062-1024x622.jpg 1024w, https:\/\/801indie.org\/wp-content\/uploads\/2020\/05\/IMG_20200516_1508234062-768x466.jpg 768w, https:\/\/801indie.org\/wp-content\/uploads\/2020\/05\/IMG_20200516_1508234062-1536x933.jpg 1536w, https:\/\/801indie.org\/wp-content\/uploads\/2020\/05\/IMG_20200516_1508234062-2048x1244.jpg 2048w\" sizes=\"(max-width: 177px) 100vw, 177px\" \/><br \/>\nGer\u00e4te, die auf die Server von Airable, vTuner und Frontier Smart zugreifen, haben in aller Regel 801indie in ihren Senderlisten hinterlegt.<\/p>\n","protected":false},"excerpt":{"rendered":"<p>801indie ist ein reines Webradio. Das bedeutet, dass Du unser Programm nur \u00fcber das Internet mit Deinem Smartphone, Deinem Computer, Deinem Smart-Speaker (z.B. Alexa) oder deinem internetf\u00e4higen Radio oder Autoradio empfangen kannst. \u00dcberraschend viele Ger\u00e4te sind heute in der Lage, Internetradio zu empfangen! So kannst Du 801indie empfangen: \u00fcber die Webseite von laut.fm mit dem &#8230; <a title=\"Empfang\" class=\"read-more\" href=\"https:\/\/801indie.org\/index.php\/empfang\/\">Read more<span class=\"screen-reader-text\">Empfang<\/span><\/a><\/p>\n","protected":false},"author":1,"featured_media":0,"parent":0,"menu_order":0,"comment_status":"closed","ping_status":"closed","template":"","meta":[],"_links":{"self":[{"href":"https:\/\/801indie.org\/index.php\/wp-json\/wp\/v2\/pages\/57"}],"collection":[{"href":"https:\/\/801indie.org\/index.php\/wp-json\/wp\/v2\/pages"}],"about":[{"href":"https:\/\/801indie.org\/index.php\/wp-json\/wp\/v2\/types\/page"}],"author":[{"embeddable":true,"href":"https:\/\/801indie.org\/index.php\/wp-json\/wp\/v2\/users\/1"}],"replies":[{"embeddable":true,"href":"https:\/\/801indie.org\/index.php\/wp-json\/wp\/v2\/comments?post=57"}],"version-history":[{"count":4,"href":"https:\/\/801indie.org\/index.php\/wp-json\/wp\/v2\/pages\/57\/revisions"}],"predecessor-version":[{"id":63,"href":"https:\/\/801indie.org\/index.php\/wp-json\/wp\/v2\/pages\/57\/revisions\/63"}],"wp:attachment":[{"href":"https:\/\/801indie.org\/index.php\/wp-json\/wp\/v2\/media?parent=57"}],"curies":[{"name":"wp","href":"https:\/\/api.w.org\/{rel}","templated":true}]}}